{"id":139,"date":"2023-10-10T15:34:21","date_gmt":"2023-10-10T13:34:21","guid":{"rendered":"https:\/\/www.spinic.uliege.be\/?page_id=139"},"modified":"2025-12-09T22:46:10","modified_gmt":"2025-12-09T21:46:10","slug":"comment-elaborer-un-spi","status":"publish","type":"page","link":"https:\/\/www.spinic.uliege.be\/index.php\/comment-elaborer-un-spi\/","title":{"rendered":"Comment construire un SPI ?"},"content":{"rendered":"\n<h2 class=\"wp-block-heading\">Introduction<\/h2>\n\n\n\n<p>Pour construire un SPI, nous proposons une <strong>m\u00e9thodologie bas\u00e9e sur l&#8217;usage de cartes<\/strong>. Ces cartes ont \u00e9t\u00e9 r\u00e9dig\u00e9es en se basant sur de nombreuses ressources, que vous pouvez retrouver dans les <a href=\"https:\/\/www.spinic.uliege.be\/index.php\/references-bibliographiques\/\">r\u00e9f\u00e9rences bibliographiques<\/a> propos\u00e9es sur ce site, sous la rubrique &#8216;Outils d&#8217;aide \u00e0 la sc\u00e9narisation&#8217;.<\/p>\n\n\n\n<p><strong>Ce jeu de cartes <\/strong>permet de construire une activit\u00e9 p\u00e9dagogique num\u00e9rique et citoyenne. Il est compos\u00e9 de plusieurs familles de cartes pour vous aider \u00e0 concevoir et repr\u00e9senter une activit\u00e9 utile \u00e0 la soci\u00e9t\u00e9, tout en mobilisant les comp\u00e9tences num\u00e9riques DigComp.<\/p>\n\n\n\n<h2 class=\"wp-block-heading\">T\u00e9l\u00e9chargement du jeu<\/h2>\n\n\n\n<p>Vous pouvez <strong><strong><u><a href=\"https:\/\/www.spinic.uliege.be\/wp-content\/uploads\/2025\/04\/20250415_cartes_site_spinic.pdf\" data-type=\"attachment\" data-id=\"859\">t\u00e9l\u00e9charger le jeu de cartes complet<\/a><\/u><\/strong> <\/strong>ci-dessous. Vous pourrez d\u00e8s lors l&#8217;imprimer et l&#8217;utiliser pour cr\u00e9er vos propres activit\u00e9s p\u00e9dagogiques.<\/p>\n\n\n\n<h2 class=\"wp-block-heading\">Phases de cr\u00e9ation de l&#8217;activit\u00e9<\/h2>\n\n\n\n<ol>\n<li>Choisir une <strong><strong>probl\u00e9matique<\/strong><\/strong> et la d\u00e9finir<\/li>\n\n\n\n<li>D\u00e9finir la <strong>p\u00e9dagogie active<\/strong> et le <strong>nombre de s\u00e9ances<\/strong><\/li>\n\n\n\n<li>Planifier les <strong>actions \u00e0 mener<\/strong> et la <strong>fa\u00e7on dont les b\u00e9n\u00e9ficiaires apprendront<\/strong><\/li>\n\n\n\n<li>Identifier les <strong>comp\u00e9tences<\/strong>, <strong>outils<\/strong> et <strong>ressources<\/strong> n\u00e9cessaires<\/li>\n\n\n\n<li>Pr\u00e9voir <strong>l\u2019\u00e9valuation<\/strong> ou comment v\u00e9rifier les apprentissages r\u00e9alis\u00e9s et l\u2019atteinte des r\u00e9sultats de l\u2019activit\u00e9<\/li>\n\n\n\n<li>Contr\u00f4ler la <strong>qualit\u00e9 <\/strong>de l\u2019activit\u00e9<\/li>\n<\/ol>\n\n\n\n<figure class=\"wp-block-image size-large is-resized\"><img loading=\"lazy\" decoding=\"async\" width=\"1024\" height=\"563\" src=\"https:\/\/www.spinic.uliege.be\/wp-content\/uploads\/2025\/12\/Capture-decran-2025-12-04-134408-1024x563.png\" alt=\"\" class=\"wp-image-1426\" style=\"width:794px;height:auto\" srcset=\"https:\/\/www.spinic.uliege.be\/wp-content\/uploads\/2025\/12\/Capture-decran-2025-12-04-134408-1024x563.png 1024w, https:\/\/www.spinic.uliege.be\/wp-content\/uploads\/2025\/12\/Capture-decran-2025-12-04-134408-300x165.png 300w, https:\/\/www.spinic.uliege.be\/wp-content\/uploads\/2025\/12\/Capture-decran-2025-12-04-134408-768x422.png 768w, https:\/\/www.spinic.uliege.be\/wp-content\/uploads\/2025\/12\/Capture-decran-2025-12-04-134408.png 1489w\" sizes=\"(max-width: 1024px) 100vw, 1024px\" \/><\/figure>\n\n\n\n<h2 class=\"wp-block-heading\">Focus sur la qualit\u00e9 de l&#8217;activit\u00e9 cr\u00e9\u00e9e<\/h2>\n\n\n\n<p>La<strong> <a href=\"https:\/\/www.spinic.uliege.be\/wp-content\/uploads\/2025\/12\/Grille_evaluation_SPI_v3.pdf\" data-type=\"attachment\" data-id=\"1460\" target=\"_blank\" rel=\"noreferrer noopener\">grille d\u2019\u00e9valuation<\/a><\/strong> est un <strong>outil de conception p\u00e9dagogique<\/strong>, qui aide le formateur \u00e0 penser une activit\u00e9 :<\/p>\n\n\n\n<ul>\n<li><strong>authentique<\/strong>, parce qu\u2019elle relie la formation \u00e0 la vie r\u00e9elle ;<\/li>\n\n\n\n<li><strong>complexe<\/strong>, parce qu\u2019elle mobilise et d\u00e9veloppe des comp\u00e9tences ;<\/li>\n\n\n\n<li><strong>accessible<\/strong>, parce qu\u2019elle tient compte du public ;<\/li>\n\n\n\n<li><strong>num\u00e9rique<\/strong>, lorsqu\u2019il y a une r\u00e9elle valeur ajout\u00e9e ;<\/li>\n\n\n\n<li><strong>structur\u00e9e<\/strong>, parce qu\u2019elle offre des conditions propices \u00e0 l\u2019apprentissage ;<\/li>\n\n\n\n<li><strong>coh\u00e9rente<\/strong>, car align\u00e9e sur les objectifs et les \u00e9valuations.<\/li>\n<\/ul>\n\n\n\n<p>Elle repose <strong>sur plusieurs fondements th\u00e9oriques<\/strong> majeurs :<\/p>\n\n\n\n<ul>\n<li>l\u2019<strong>apprentissage authentique<\/strong>, orient\u00e9 vers des t\u00e2ches proches de la vraie vie et porteuses de sens ;<\/li>\n\n\n\n<li>l\u2019<strong>approche par comp\u00e9tences<\/strong> et l\u2019importance d\u2019\u00e9valuer des <em>performances simples<\/em> et <em>complexes<\/em> (Scallon, 2015) ;<\/li>\n\n\n\n<li>l\u2019<strong>alignement p\u00e9dagogique<\/strong> (Biggs, 1996), qui exige la coh\u00e9rence entre objectifs, t\u00e2ches propos\u00e9es et modalit\u00e9s d\u2019\u00e9valuation ;<\/li>\n\n\n\n<li>des <strong>mod\u00e8les motivationnels et cognitifs<\/strong> qui montrent comment les apprenants d\u00e9veloppent leur engagement, leur autonomie et leur jugement (Viau, 1994&nbsp;; &nbsp;Deci &amp; Ryan, 2000&nbsp;; Zimmerma, 2000&nbsp;; &nbsp;Ames, 1992&nbsp;; Epstein, 1989&nbsp;; Boud, 2018 \u2026).<\/li>\n<\/ul>\n\n\n\n<p>Ces fondements sont d\u00e9taill\u00e9s dans le document qui pr\u00e9sente la grille d&#8217;\u00e9valuation.<\/p>\n\n\n\n<h2 class=\"wp-block-heading\">Galerie<\/h2>\n\n\n\n<figure class=\"wp-block-gallery has-nested-images columns-default is-cropped wp-block-gallery-1 is-layout-flex wp-block-gallery-is-layout-flex\">\n<figure class=\"wp-block-image size-large\"><img loading=\"lazy\" decoding=\"async\" width=\"893\" height=\"479\" data-id=\"1098\" src=\"https:\/\/www.spinic.uliege.be\/wp-content\/uploads\/2025\/11\/IMG_7145-1.jpg\" alt=\"\" class=\"wp-image-1098\" srcset=\"https:\/\/www.spinic.uliege.be\/wp-content\/uploads\/2025\/11\/IMG_7145-1.jpg 893w, https:\/\/www.spinic.uliege.be\/wp-content\/uploads\/2025\/11\/IMG_7145-1-300x161.jpg 300w, https:\/\/www.spinic.uliege.be\/wp-content\/uploads\/2025\/11\/IMG_7145-1-768x412.jpg 768w\" sizes=\"(max-width: 893px) 100vw, 893px\" \/><\/figure>\n\n\n\n<figure class=\"wp-block-image size-large\"><img loading=\"lazy\" decoding=\"async\" width=\"736\" height=\"1024\" data-id=\"1095\" src=\"https:\/\/www.spinic.uliege.be\/wp-content\/uploads\/2025\/11\/IMG_7118-736x1024.jpg\" alt=\"\" class=\"wp-image-1095\" srcset=\"https:\/\/www.spinic.uliege.be\/wp-content\/uploads\/2025\/11\/IMG_7118-736x1024.jpg 736w, https:\/\/www.spinic.uliege.be\/wp-content\/uploads\/2025\/11\/IMG_7118-216x300.jpg 216w, https:\/\/www.spinic.uliege.be\/wp-content\/uploads\/2025\/11\/IMG_7118-768x1069.jpg 768w, https:\/\/www.spinic.uliege.be\/wp-content\/uploads\/2025\/11\/IMG_7118-1103x1536.jpg 1103w, https:\/\/www.spinic.uliege.be\/wp-content\/uploads\/2025\/11\/IMG_7118-1471x2048.jpg 1471w, https:\/\/www.spinic.uliege.be\/wp-content\/uploads\/2025\/11\/IMG_7118.jpg 1528w\" sizes=\"(max-width: 736px) 100vw, 736px\" \/><\/figure>\n\n\n\n<figure class=\"wp-block-image size-large\"><img loading=\"lazy\" decoding=\"async\" width=\"1024\" height=\"768\" data-id=\"1085\" src=\"https:\/\/www.spinic.uliege.be\/wp-content\/uploads\/2025\/11\/20241202_AID_SPI_1-1024x768.jpg\" alt=\"\" class=\"wp-image-1085\" srcset=\"https:\/\/www.spinic.uliege.be\/wp-content\/uploads\/2025\/11\/20241202_AID_SPI_1-1024x768.jpg 1024w, https:\/\/www.spinic.uliege.be\/wp-content\/uploads\/2025\/11\/20241202_AID_SPI_1-300x225.jpg 300w, https:\/\/www.spinic.uliege.be\/wp-content\/uploads\/2025\/11\/20241202_AID_SPI_1-768x576.jpg 768w, https:\/\/www.spinic.uliege.be\/wp-content\/uploads\/2025\/11\/20241202_AID_SPI_1-1536x1152.jpg 1536w, https:\/\/www.spinic.uliege.be\/wp-content\/uploads\/2025\/11\/20241202_AID_SPI_1.jpg 2000w\" sizes=\"(max-width: 1024px) 100vw, 1024px\" \/><\/figure>\n<\/figure>\n","protected":false},"excerpt":{"rendered":"<p>Introduction Pour construire un SPI, nous proposons une m\u00e9thodologie bas\u00e9e sur l&#8217;usage de cartes. Ces cartes ont \u00e9t\u00e9 r\u00e9dig\u00e9es en se basant sur de nombreuses ressources, que vous pouvez retrouver dans les r\u00e9f\u00e9rences bibliographiques propos\u00e9es sur ce site, sous la rubrique &#8216;Outils d&#8217;aide \u00e0 la sc\u00e9narisation&#8217;. Ce jeu de cartes permet de construire une activit\u00e9 [&hellip;]<\/p>\n","protected":false},"author":1,"featured_media":0,"parent":0,"menu_order":0,"comment_status":"closed","ping_status":"closed","template":"","meta":{"content-type":"","_monsterinsights_skip_tracking":false,"_monsterinsights_sitenote_active":false,"_monsterinsights_sitenote_note":"","_monsterinsights_sitenote_category":0,"footnotes":""},"_links":{"self":[{"href":"https:\/\/www.spinic.uliege.be\/index.php\/wp-json\/wp\/v2\/pages\/139"}],"collection":[{"href":"https:\/\/www.spinic.uliege.be\/index.php\/wp-json\/wp\/v2\/pages"}],"about":[{"href":"https:\/\/www.spinic.uliege.be\/index.php\/wp-json\/wp\/v2\/types\/page"}],"author":[{"embeddable":true,"href":"https:\/\/www.spinic.uliege.be\/index.php\/wp-json\/wp\/v2\/users\/1"}],"replies":[{"embeddable":true,"href":"https:\/\/www.spinic.uliege.be\/index.php\/wp-json\/wp\/v2\/comments?post=139"}],"version-history":[{"count":65,"href":"https:\/\/www.spinic.uliege.be\/index.php\/wp-json\/wp\/v2\/pages\/139\/revisions"}],"predecessor-version":[{"id":1463,"href":"https:\/\/www.spinic.uliege.be\/index.php\/wp-json\/wp\/v2\/pages\/139\/revisions\/1463"}],"wp:attachment":[{"href":"https:\/\/www.spinic.uliege.be\/index.php\/wp-json\/wp\/v2\/media?parent=139"}],"curies":[{"name":"wp","href":"https:\/\/api.w.org\/{rel}","templated":true}]}}